{"id":1029,"date":"2019-09-28T00:37:44","date_gmt":"2019-09-27T22:37:44","guid":{"rendered":"https:\/\/modern.pewe-verlag.de\/?page_id=1029"},"modified":"2025-07-28T10:28:01","modified_gmt":"2025-07-28T08:28:01","slug":"hamit-zuebeyr-kosay-les-fouilles-dalaca-hoeyuek-entreprises-par-la-societe-dhistoire-turque-rapport-preliminaire-sur-les-travaux-en-1937-1939","status":"publish","type":"page","link":"https:\/\/www.pewe-verlag.de\/?page_id=1029","title":{"rendered":"Hamit Z\u00fcbeyr Kosay Les Fouilles d&#8217;Alaca H\u00f6y\u00fck. Entreprises par la Societe d&#8217;Histoire Turque. Rapport Preliminaire sur les Travaux en 1937-1939."},"content":{"rendered":"<p>[et_pb_section fb_built=&#8220;1&#8243; make_equal=&#8220;on&#8220; use_custom_gutter=&#8220;on&#8220; specialty=&#8220;on&#8220; _builder_version=&#8220;4.16&#8243; width=&#8220;100%&#8220; global_colors_info=&#8220;{}&#8220;][et_pb_column type=&#8220;1_2&#8243; specialty_columns=&#8220;2&#8243; _builder_version=&#8220;4.16&#8243; custom_padding=&#8220;|||&#8220; global_colors_info=&#8220;{}&#8220; custom_padding__hover=&#8220;|||&#8220;][et_pb_row_inner _builder_version=&#8220;4.16&#8243; global_colors_info=&#8220;{}&#8220;][et_pb_column_inner saved_specialty_column_type=&#8220;1_2&#8243; _builder_version=&#8220;4.16&#8243; global_colors_info=&#8220;{}&#8220;][et_pb_image src=&#8220;https:\/\/www.pewe-verlag.de\/wp-content\/uploads\/2024\/11\/Kosay-Alaca.png&#8220; _builder_version=&#8220;4.27.4&#8243; hover_enabled=&#8220;0&#8243; global_colors_info=&#8220;{}&#8220; title_text=&#8220;Kosay-Alaca&#8220; sticky_enabled=&#8220;0&#8243;][\/et_pb_image][et_pb_text _builder_version=&#8220;4.16&#8243; text_font=&#8220;Trebuchet||||||||&#8220; text_font_size=&#8220;15px&#8220; custom_padding=&#8220;|185px||||&#8220; global_colors_info=&#8220;{}&#8220;]<\/p>\n<p><strong>Hamit Z\u00fcbeyr Kosay<\/strong><br \/>Les Fouilles d&#8217;Alaca H\u00f6y\u00fck. Entreprises par la Societe d&#8217;Histoire Turque. Rapport Preliminaire sur les Travaux en 1937-1939.<\/p>\n<p>Format:\u00a034,5 x 24,5 cm \u2014 Hardcover<br \/>Umfang:\u00a0410 Seiten, zahlreiche, teils farbige Zeichnungen und Fotos, sowie Faltpl\u00e4ne \u2014 t\u00fcrkisch\/franz\u00f6sisch<\/p>\n<p>\u00a9 T\u00fcrk Tarih Kurumu, Ankara 1951<br \/>Preis: \u20ac 58,00 [D] \u2014 Zustand: neuwertig<\/p>\n<p>[\/et_pb_text][\/et_pb_column_inner][\/et_pb_row_inner][et_pb_row_inner _builder_version=&#8220;4.16&#8243; global_colors_info=&#8220;{}&#8220;][et_pb_column_inner saved_specialty_column_type=&#8220;1_2&#8243; _builder_version=&#8220;4.16&#8243; global_colors_info=&#8220;{}&#8220;][et_pb_button button_url=&#8220;@ET-DC@eyJkeW5hbWljIjp0cnVlLCJjb250ZW50IjoicG9zdF9saW5rX3VybF9wYWdlIiwic2V0dGluZ3MiOnsicG9zdF9pZCI6IjIwODUifX0=@&#8220; url_new_window=&#8220;on&#8220; button_text=&#8220;BUCH ANFRAGEN&#8220; button_alignment=&#8220;left&#8220; _builder_version=&#8220;4.16&#8243; _dynamic_attributes=&#8220;button_url&#8220; custom_button=&#8220;on&#8220; button_text_size=&#8220;19px&#8220; button_text_color=&#8220;#349fd8&#8243; button_border_radius=&#8220;12px&#8220; button_font=&#8220;Antic||||||||&#8220; button_icon=&#8220;&#x52;||divi||400&#8243; button_icon_color=&#8220;#29b71f&#8220; transform_translate=&#8220;-3px|-51px&#8220; filter_saturate=&#8220;110%&#8220; filter_brightness=&#8220;109%&#8220; global_colors_info=&#8220;{}&#8220;][\/et_pb_button][\/et_pb_column_inner][\/et_pb_row_inner][\/et_pb_column][et_pb_column type=&#8220;1_2&#8243; _builder_version=&#8220;4.16&#8243; custom_padding=&#8220;|||&#8220; global_colors_info=&#8220;{}&#8220; custom_padding__hover=&#8220;|||&#8220;][\/et_pb_column][\/et_pb_section]<\/p>\n","protected":false},"excerpt":{"rendered":"<p>Hamit Z\u00fcbeyr KosayLes Fouilles d&#8217;Alaca H\u00f6y\u00fck. Entreprises par la Societe d&#8217;Histoire Turque. Rapport Preliminaire sur les Travaux en 1937-1939. Format:\u00a034,5 x 24,5 cm \u2014 HardcoverUmfang:\u00a0410 Seiten, zahlreiche, teils farbige Zeichnungen und Fotos, sowie Faltpl\u00e4ne \u2014 t\u00fcrkisch\/franz\u00f6sisch \u00a9 T\u00fcrk Tarih Kurumu, Ankara 1951Preis: \u20ac 58,00 [D] \u2014 Zustand: neuwertig<\/p>\n","protected":false},"author":1,"featured_media":0,"parent":0,"menu_order":0,"comment_status":"closed","ping_status":"closed","template":"","meta":{"_et_pb_use_builder":"on","_et_pb_old_content":"","_et_gb_content_width":"","footnotes":""},"class_list":["post-1029","page","type-page","status-publish","hentry"],"_links":{"self":[{"href":"https:\/\/www.pewe-verlag.de\/index.php?rest_route=\/wp\/v2\/pages\/1029","targetHints":{"allow":["GET"]}}],"collection":[{"href":"https:\/\/www.pewe-verlag.de\/index.php?rest_route=\/wp\/v2\/pages"}],"about":[{"href":"https:\/\/www.pewe-verlag.de\/index.php?rest_route=\/wp\/v2\/types\/page"}],"author":[{"embeddable":true,"href":"https:\/\/www.pewe-verlag.de\/index.php?rest_route=\/wp\/v2\/users\/1"}],"replies":[{"embeddable":true,"href":"https:\/\/www.pewe-verlag.de\/index.php?rest_route=%2Fwp%2Fv2%2Fcomments&post=1029"}],"version-history":[{"count":7,"href":"https:\/\/www.pewe-verlag.de\/index.php?rest_route=\/wp\/v2\/pages\/1029\/revisions"}],"predecessor-version":[{"id":3272,"href":"https:\/\/www.pewe-verlag.de\/index.php?rest_route=\/wp\/v2\/pages\/1029\/revisions\/3272"}],"wp:attachment":[{"href":"https:\/\/www.pewe-verlag.de\/index.php?rest_route=%2Fwp%2Fv2%2Fmedia&parent=1029"}],"curies":[{"name":"wp","href":"https:\/\/api.w.org\/{rel}","templated":true}]}}