{"id":2267,"date":"2020-09-25T09:20:22","date_gmt":"2020-09-25T07:20:22","guid":{"rendered":"https:\/\/www.pewe-verlag.de\/?page_id=2267"},"modified":"2022-08-04T08:57:20","modified_gmt":"2022-08-04T06:57:20","slug":"kai-kaniuth-karacamirli-tepe-5-maao-6","status":"publish","type":"page","link":"https:\/\/www.pewe-verlag.de\/?page_id=2267","title":{"rendered":"Kai Kaniuth, Karacamirli &#8211; Tepe 5 &#8211; MAAO-6"},"content":{"rendered":"<p>[et_pb_section fb_built=&#8220;1&#8243; make_equal=&#8220;on&#8220; use_custom_gutter=&#8220;on&#8220; specialty=&#8220;on&#8220; _builder_version=&#8220;3.27.3&#8243; width=&#8220;100%&#8220;][et_pb_column type=&#8220;1_2&#8243; specialty_columns=&#8220;2&#8243; _builder_version=&#8220;3.25&#8243; custom_padding=&#8220;|||&#8220; custom_padding__hover=&#8220;|||&#8220;][et_pb_row_inner _builder_version=&#8220;3.27.3&#8243;][et_pb_column_inner saved_specialty_column_type=&#8220;1_2&#8243; _builder_version=&#8220;3.27.3&#8243;][et_pb_image src=&#8220;https:\/\/www.pewe-verlag.de\/wp-content\/uploads\/2020\/09\/maao6.jpg&#8220; _builder_version=&#8220;4.0.6&#8243;][\/et_pb_image][et_pb_text _builder_version=&#8220;4.0.6&#8243; text_font=&#8220;Trebuchet||||||||&#8220; text_font_size=&#8220;15px&#8220; custom_padding=&#8220;|185px||||&#8220;]<\/p>\n<p><strong>Kai Kaniuth<\/strong> (ed.)<br \/>\nKaracamirli \u2013 Tepe 5. <br \/>A multi-period necropolis in Western Azerbaijan.<\/p>\n<p>M\u00fcnchener Abhandlungen zum Alten Orient \u2014 Band 6<\/p>\n<p>Format: 30 x 21 cm\u00a0\u2014 Hardcover<br \/>\nUmfang:\u00a0358 Seiten, mit 348, meist farbigen Abbildungen im Text<\/p>\n<p><a href=\"https:\/\/www.pewe-verlag.de\/res\/liber44-argumentum.pdf\" target=\"_blank\" rel=\"noopener noreferrer\">Inhalt \/ Content<\/a><\/p>\n<p>ISBN:\u00a0978-3-935012-44-7<br \/>\nPreis: 65,00 \u20ac<br \/>\n\u00a9 PeWe-Verlag 2020<\/p>\n<\/p>\n<p>[\/et_pb_text][\/et_pb_column_inner][\/et_pb_row_inner][et_pb_row_inner _builder_version=&#8220;3.27.3&#8243;][et_pb_column_inner saved_specialty_column_type=&#8220;1_2&#8243; _builder_version=&#8220;3.27.3&#8243;][et_pb_button button_url=&#8220;@ET-DC@eyJkeW5hbWljIjp0cnVlLCJjb250ZW50IjoicG9zdF9saW5rX3VybF9wYWdlIiwic2V0dGluZ3MiOnsicG9zdF9pZCI6IjI4NyJ9fQ==@&#8220; url_new_window=&#8220;on&#8220; button_text=&#8220;BUCH ANFRAGEN&#8220; button_alignment=&#8220;left&#8220; _builder_version=&#8220;4.0.6&#8243; _dynamic_attributes=&#8220;button_url&#8220; custom_button=&#8220;on&#8220; button_text_size=&#8220;19px&#8220; button_text_color=&#8220;#349fd8&#8243; button_border_radius=&#8220;12px&#8220; button_font=&#8220;Antic||||||||&#8220; button_icon=&#8220;%%49%%&#8220; button_icon_color=&#8220;#29b71f&#8220; transform_translate=&#8220;-3px|-51px&#8220; filter_saturate=&#8220;110%&#8220; filter_brightness=&#8220;109%&#8220;][\/et_pb_button][et_pb_button button_url=&#8220;@ET-DC@eyJkeW5hbWljIjp0cnVlLCJjb250ZW50IjoicG9zdF9saW5rX3VybF9wYWdlIiwic2V0dGluZ3MiOnsicG9zdF9pZCI6IjI4NyJ9fQ==@&#8220; url_new_window=&#8220;on&#8220; button_text=&#8220;REQUEST BOOK&#8220; button_alignment=&#8220;left&#8220; _builder_version=&#8220;4.0.6&#8243; _dynamic_attributes=&#8220;button_url&#8220; custom_button=&#8220;on&#8220; button_text_size=&#8220;19px&#8220; button_text_color=&#8220;#349fd8&#8243; button_border_radius=&#8220;12px&#8220; button_font=&#8220;Antic||||||||&#8220; button_icon=&#8220;%%49%%&#8220; button_icon_color=&#8220;#29b71f&#8220; transform_translate=&#8220;-3px|-51px&#8220; filter_saturate=&#8220;110%&#8220; filter_brightness=&#8220;109%&#8220;][\/et_pb_button][\/et_pb_column_inner][\/et_pb_row_inner][\/et_pb_column][et_pb_column type=&#8220;1_2&#8243; _builder_version=&#8220;3.25&#8243; custom_padding=&#8220;|||&#8220; custom_padding__hover=&#8220;|||&#8220;][et_pb_text _builder_version=&#8220;4.0.6&#8243; text_font_size=&#8220;17px&#8220; transform_scale_tablet=&#8220;&#8220; transform_scale_phone=&#8220;&#8220; transform_scale_last_edited=&#8220;on|tablet&#8220; transform_translate_tablet=&#8220;107px|-33px&#8220; transform_translate_phone=&#8220;&#8220; transform_translate_last_edited=&#8220;on|tablet&#8220; transform_rotate_tablet=&#8220;&#8220; transform_rotate_phone=&#8220;&#8220; transform_rotate_last_edited=&#8220;on|tablet&#8220; transform_skew_tablet=&#8220;&#8220; transform_skew_phone=&#8220;&#8220; transform_skew_last_edited=&#8220;on|tablet&#8220; transform_origin_tablet=&#8220;&#8220; transform_origin_phone=&#8220;&#8220; transform_origin_last_edited=&#8220;on|tablet&#8220; transform_styles_last_edited=&#8220;on|tablet&#8220; text_orientation=&#8220;justify&#8220; width=&#8220;120%&#8220; width_tablet=&#8220;100%&#8220; width_phone=&#8220;&#8220; width_last_edited=&#8220;on|tablet&#8220; custom_margin=&#8220;|||-117px||&#8220; custom_padding=&#8220;|0px||0px||&#8220; hover_enabled=&#8220;0&#8243; transform_styles_tablet=&#8220;&#8220; transform_styles_phone=&#8220;&#8220; text_text_align=&#8220;justify&#8220; border_width_bottom=&#8220;1px&#8220; border_color_bottom=&#8220;#349fd8&#8243;]<\/p>\n<p>Mit Beitr\u00e4gen von Andrei As\u0103ndulesei, Florian Becker, J\u00f6rg W.E. Fassbinder, Andrea G\u00f6hring, Martin Gruber, Gisela Grupe, Stefan H\u00f6lzl, Michael Joachimski, Christoph Mayr und Michaela Schauer<\/p>\n<p>Der 6. Band der MAAO-Reihe beschreibt die Ergebnisse von zwei Grabungskampagnen auf dem Karacamirli Tepe 5, einem kleinen H\u00fcgel in der N\u00e4he des S\u00fcdufers des Flusses Kura im Bezirk Schamkir, Aserbaidschan. Der Ort wurde erstmals im 5. Jahrtausend v. Chr. besiedelt, aus dem mehrere Gruben mit Keramik und Obsidian untersucht werden konnten. Nach der Mitte des 2. Jahrtausends v. Chr. wurde Tepe 5 wiederholt als Begr\u00e4bnisst\u00e4tte genutzt. Insgesamt wurden 46 Gr\u00e4ber, beginnend mit der Sp\u00e4tbronze-\/Fr\u00fcheisenzeit, \u00fcber Bestattungen aus der Sp\u00e4tantike bis hin zum 14. Jh. n. Chr., dokumentiert. Ihre arch\u00e4ologische Diskussion bildet den Kern des Bandes. Eine Reihe von 21 Radiokarbondatierungen, eine anthropologische Studie mit Isotopendaten sowie ein umfassendes Programm chemischer Analysen (mit tragbarem XRF) von Obsidian-, Keramik- und Metallfunden tragen dazu bei, eine der detailliertesten Datenreihen \u00fcber Bestattungen im S\u00fcdkaukasus zu erstellen.<\/p>\n<\/p>\n<p>[\/et_pb_text][et_pb_text _builder_version=&#8220;4.0.6&#8243; text_font_size=&#8220;17px&#8220; transform_scale_tablet=&#8220;&#8220; transform_scale_phone=&#8220;&#8220; transform_scale_last_edited=&#8220;on|tablet&#8220; transform_translate_tablet=&#8220;107px|-33px&#8220; transform_translate_phone=&#8220;&#8220; transform_translate_last_edited=&#8220;on|tablet&#8220; transform_rotate_tablet=&#8220;&#8220; transform_rotate_phone=&#8220;&#8220; transform_rotate_last_edited=&#8220;on|tablet&#8220; transform_skew_tablet=&#8220;&#8220; transform_skew_phone=&#8220;&#8220; transform_skew_last_edited=&#8220;on|tablet&#8220; transform_origin_tablet=&#8220;&#8220; transform_origin_phone=&#8220;&#8220; transform_origin_last_edited=&#8220;on|tablet&#8220; transform_styles_last_edited=&#8220;on|tablet&#8220; text_orientation=&#8220;justify&#8220; width=&#8220;120%&#8220; width_tablet=&#8220;100%&#8220; width_phone=&#8220;&#8220; width_last_edited=&#8220;on|tablet&#8220; custom_margin=&#8220;|||-117px||&#8220; custom_padding=&#8220;|0px||0px||&#8220; hover_enabled=&#8220;0&#8243; transform_styles_tablet=&#8220;&#8220; transform_styles_phone=&#8220;&#8220; text_text_align=&#8220;justify&#8220;]<\/p>\n<p>With contributions by Andrei As\u0103ndulesei, Florian Becker, J\u00f6rg W.E. Fassbinder, Andrea G\u00f6hring, Martin Gruber, Gisela Grupe, Stefan H\u00f6lzl, Michael Joachimski, Christoph Mayr and Michaela Schauer<\/p>\n<p>The 6th volume of the MAAO series details the results of two seasons of excavation carried out on Karacamirli Tepe 5, a small hill near the southern bank of the river Kura in Shamkir District, Azerbaijan. The site was first occupied in the 5th millennium BC, from which several pits containing pottery and obsidian could be studied. After the mid-2nd mill. BC, Tepe 5 saw repeated use as a place of burial. Altogether 46 graves, starting with the Late Bronze \/ Early Iron Age, continuing with interments from Late Antiquity and concluding with the 14th cent. AD, were documented. Their archaeological discussion forms the core of the volume. A series of 21 radiocarbon dates, an anthropological study including isotope data, as well as a comprehensive programme of chemical analysis (with portable XRF) targeting obsidian, ceramic and metal finds contribute to produce one of the most fine-grained sets of burial data available from the Southern Caucasus.<\/p>\n<p>[\/et_pb_text][\/et_pb_column][\/et_pb_section]<\/p>\n","protected":false},"excerpt":{"rendered":"<p>Kai Kaniuth (ed.) Karacamirli \u2013 Tepe 5. A multi-period necropolis in Western Azerbaijan. M\u00fcnchener Abhandlungen zum Alten Orient \u2014 Band 6 Format: 30 x 21 cm\u00a0\u2014 Hardcover Umfang:\u00a0358 Seiten, mit 348, meist farbigen Abbildungen im Text Inhalt \/ Content ISBN:\u00a0978-3-935012-44-7 Preis: 65,00 \u20ac \u00a9 PeWe-Verlag 2020 Mit Beitr\u00e4gen von Andrei As\u0103ndulesei, Florian Becker, J\u00f6rg W.E. [&hellip;]<\/p>\n","protected":false},"author":1,"featured_media":0,"parent":0,"menu_order":0,"comment_status":"closed","ping_status":"closed","template":"","meta":{"_et_pb_use_builder":"on","_et_pb_old_content":"","_et_gb_content_width":"","footnotes":""},"class_list":["post-2267","page","type-page","status-publish","hentry"],"_links":{"self":[{"href":"https:\/\/www.pewe-verlag.de\/index.php?rest_route=\/wp\/v2\/pages\/2267","targetHints":{"allow":["GET"]}}],"collection":[{"href":"https:\/\/www.pewe-verlag.de\/index.php?rest_route=\/wp\/v2\/pages"}],"about":[{"href":"https:\/\/www.pewe-verlag.de\/index.php?rest_route=\/wp\/v2\/types\/page"}],"author":[{"embeddable":true,"href":"https:\/\/www.pewe-verlag.de\/index.php?rest_route=\/wp\/v2\/users\/1"}],"replies":[{"embeddable":true,"href":"https:\/\/www.pewe-verlag.de\/index.php?rest_route=%2Fwp%2Fv2%2Fcomments&post=2267"}],"version-history":[{"count":8,"href":"https:\/\/www.pewe-verlag.de\/index.php?rest_route=\/wp\/v2\/pages\/2267\/revisions"}],"predecessor-version":[{"id":2569,"href":"https:\/\/www.pewe-verlag.de\/index.php?rest_route=\/wp\/v2\/pages\/2267\/revisions\/2569"}],"wp:attachment":[{"href":"https:\/\/www.pewe-verlag.de\/index.php?rest_route=%2Fwp%2Fv2%2Fmedia&parent=2267"}],"curies":[{"name":"wp","href":"https:\/\/api.w.org\/{rel}","templated":true}]}}