{"id":728,"date":"2019-09-25T15:04:11","date_gmt":"2019-09-25T13:04:11","guid":{"rendered":"https:\/\/modern.pewe-verlag.de\/?page_id=728"},"modified":"2024-11-20T16:51:31","modified_gmt":"2024-11-20T15:51:31","slug":"theo-de-feyter-graben-in-syrien-digging-in-syria-eine-gezeichnete-und-gemalte-reportage-a-report-in-drawings-and-paintings","status":"publish","type":"page","link":"https:\/\/www.pewe-verlag.de\/?page_id=728","title":{"rendered":"Theo de Feyter Graben in Syrien \/ Digging in Syria Eine gezeichnete und gemalte Reportage \/ A Report in drawings and paintings"},"content":{"rendered":"<p>[et_pb_section fb_built=&#8220;1&#8243; make_equal=&#8220;on&#8220; use_custom_gutter=&#8220;on&#8220; specialty=&#8220;on&#8220; _builder_version=&#8220;3.27.3&#8243; width=&#8220;100%&#8220;][et_pb_column type=&#8220;1_2&#8243; specialty_columns=&#8220;2&#8243; _builder_version=&#8220;3.25&#8243; custom_padding=&#8220;|||&#8220; custom_padding__hover=&#8220;|||&#8220;][et_pb_row_inner _builder_version=&#8220;3.27.3&#8243;][et_pb_column_inner saved_specialty_column_type=&#8220;1_2&#8243; _builder_version=&#8220;3.27.3&#8243;][et_pb_image src=&#8220;https:\/\/pw.ulikes.de\/wp\/files\/wp-content\/uploads\/2024\/11\/digging_in_syria.jpg&#8220; align_tablet=&#8220;center&#8220; align_phone=&#8220;right&#8220; align_last_edited=&#8220;on|phone&#8220; _builder_version=&#8220;4.0.6&#8243; transform_translate=&#8220;-95px|0px&#8220; width_tablet=&#8220;&#8220; width_phone=&#8220;78%&#8220; width_last_edited=&#8220;on|phone&#8220; hover_enabled=&#8220;0&#8243;][\/et_pb_image][et_pb_text _builder_version=&#8220;3.27.4&#8243; text_font=&#8220;Trebuchet||||||||&#8220; text_font_size=&#8220;15px&#8220; custom_padding=&#8220;|185px||||&#8220;]<\/p>\n<p><strong>Theo de Feyter<\/strong><br \/>\nGraben in Syrien \/ Digging in Syria<br \/>\nEine gezeichnete und gemalte Reportage \/ A Report in drawings and paintings<\/p>\n<p>Format: 24 x 17 cm \u2014 Hardcover<br \/>\nUmfang:\u00a0126 Seiten, 48 \u00fcberwiegend farbige Abbildungen<\/p>\n<p><a href=\"https:\/\/www.pewe-verlag.de\/res\/liber31-excerptum.pdf\" target=\"_blank\" rel=\"noopener noreferrer\">Leseprobe \/ Extract<\/a><\/p>\n<p>ISBN:\u00a0978-3-935012-31-7<br \/>\nPreis: 24,80 \u20ac<br \/>\n\u00a9 PeWe-Verlag 2018<\/p>\n<p>[\/et_pb_text][\/et_pb_column_inner][\/et_pb_row_inner][et_pb_row_inner _builder_version=&#8220;3.27.3&#8243;][et_pb_column_inner saved_specialty_column_type=&#8220;1_2&#8243; _builder_version=&#8220;3.27.3&#8243;][et_pb_button button_url=&#8220;@ET-DC@eyJkeW5hbWljIjp0cnVlLCJjb250ZW50IjoicG9zdF9saW5rX3VybF9wYWdlIiwic2V0dGluZ3MiOnsicG9zdF9pZCI6IjI4NyJ9fQ==@&#8220; url_new_window=&#8220;on&#8220; button_text=&#8220;BUCH ANFRAGEN&#8220; button_alignment=&#8220;left&#8220; _builder_version=&#8220;4.0.6&#8243; _dynamic_attributes=&#8220;button_url&#8220; custom_button=&#8220;on&#8220; button_text_size=&#8220;19px&#8220; button_text_color=&#8220;#349fd8&#8243; button_border_radius=&#8220;12px&#8220; button_font=&#8220;Antic||||||||&#8220; button_icon=&#8220;%%49%%&#8220; button_icon_color=&#8220;#29b71f&#8220; transform_translate=&#8220;-3px|-51px&#8220; filter_saturate=&#8220;110%&#8220; filter_brightness=&#8220;109%&#8220;][\/et_pb_button][et_pb_button button_url=&#8220;@ET-DC@eyJkeW5hbWljIjp0cnVlLCJjb250ZW50IjoicG9zdF9saW5rX3VybF9wYWdlIiwic2V0dGluZ3MiOnsicG9zdF9pZCI6IjI4NyJ9fQ==@&#8220; url_new_window=&#8220;on&#8220; button_text=&#8220;REQUEST BOOK&#8220; button_alignment=&#8220;left&#8220; _builder_version=&#8220;4.0.6&#8243; _dynamic_attributes=&#8220;button_url&#8220; custom_button=&#8220;on&#8220; button_text_size=&#8220;19px&#8220; button_text_color=&#8220;#349fd8&#8243; button_border_radius=&#8220;12px&#8220; button_font=&#8220;Antic||||||||&#8220; button_icon=&#8220;%%49%%&#8220; button_icon_color=&#8220;#29b71f&#8220; transform_translate=&#8220;-3px|-51px&#8220; filter_saturate=&#8220;110%&#8220; filter_brightness=&#8220;109%&#8220;][\/et_pb_button][\/et_pb_column_inner][\/et_pb_row_inner][\/et_pb_column][et_pb_column type=&#8220;1_2&#8243; _builder_version=&#8220;3.25&#8243; custom_padding=&#8220;|||&#8220; custom_padding__hover=&#8220;|||&#8220;][et_pb_text _builder_version=&#8220;3.27.4&#8243; text_font_size=&#8220;17px&#8220; transform_scale_tablet=&#8220;&#8220; transform_scale_phone=&#8220;&#8220; transform_scale_last_edited=&#8220;on|tablet&#8220; transform_translate_tablet=&#8220;108px|-44px&#8220; transform_translate_phone=&#8220;&#8220; transform_translate_last_edited=&#8220;on|phone&#8220; transform_rotate_tablet=&#8220;&#8220; transform_rotate_phone=&#8220;&#8220; transform_rotate_last_edited=&#8220;on|tablet&#8220; transform_skew_tablet=&#8220;&#8220; transform_skew_phone=&#8220;&#8220; transform_skew_last_edited=&#8220;on|tablet&#8220; transform_origin_tablet=&#8220;&#8220; transform_origin_phone=&#8220;&#8220; transform_origin_last_edited=&#8220;on|tablet&#8220; transform_styles_last_edited=&#8220;on|phone&#8220; text_orientation=&#8220;justify&#8220; width=&#8220;120%&#8220; width_tablet=&#8220;100%&#8220; width_phone=&#8220;&#8220; width_last_edited=&#8220;on|tablet&#8220; custom_margin=&#8220;|||-117px||&#8220; custom_padding=&#8220;|0px||0px||&#8220; transform_styles_tablet=&#8220;&#8220; transform_styles_phone=&#8220;&#8220; text_text_align=&#8220;justify&#8220;]<\/p>\n<p>Im Buch \u2018Graben in Syrien\u2019 beobachtet Theo de Feyter mit seinen 2010 entstandenen Zeichnungen, gemalten Bildern und Texten Arbeiter und Wissenschaftler in einer der letzten arch\u00e4ologischen Ausgrabungen in Syrien vor dem Ausbruch des Krieges. Die imposante Landschaft des Euphrat-Tals, seit 1974 ein Stausee, lieferte die Kulisse f\u00fcr den Alltag der Arch\u00e4ologen, Studenten und lokalen Arbeiter bei der Freilegung einer sp\u00e4tbronzezeitlichen Stadt. In diesem entlegenen Winkel des Landes ist Feldarch\u00e4ologie eine akribische und oft harte Arbeit unter teilweise schwierigen Bedingungen. Sorgf\u00e4ltig dokumentiert Theo de Feyter in Bildern und Texten die f\u00fcr internationale Grabungsprojekte g\u00e4ngige Forschungspraxis vor Ort in all ihren Aspekten.<br \/> Diese Reportage bietet einen au\u00dfergew\u00f6hnlichen Blick auf die arch\u00e4ologische Praxis einer Ausgrabung im Vorderen Orient, eine Praxis die vorl\u00e4ufig brach liegt. Sie wird wahrscheinlich, sollte sie in der Zukunft irgendwann wieder gestartet werden, nie mehr so sein wie von Theo de Feyter festgehalten. Damit wird dieses Buch zum historischen Dokument.<\/p>\n<p>[\/et_pb_text][et_pb_text _builder_version=&#8220;4.0.6&#8243; text_font_size=&#8220;17px&#8220; transform_scale_tablet=&#8220;&#8220; transform_scale_phone=&#8220;&#8220; transform_scale_last_edited=&#8220;on|tablet&#8220; transform_translate_tablet=&#8220;105px|0px&#8220; transform_translate_phone=&#8220;&#8220; transform_translate_last_edited=&#8220;on|tablet&#8220; transform_rotate_tablet=&#8220;&#8220; transform_rotate_phone=&#8220;&#8220; transform_rotate_last_edited=&#8220;on|tablet&#8220; transform_skew_tablet=&#8220;&#8220; transform_skew_phone=&#8220;&#8220; transform_skew_last_edited=&#8220;on|tablet&#8220; transform_origin_tablet=&#8220;&#8220; transform_origin_phone=&#8220;&#8220; transform_origin_last_edited=&#8220;on|tablet&#8220; transform_styles_last_edited=&#8220;on|tablet&#8220; text_orientation=&#8220;justify&#8220; width=&#8220;120%&#8220; width_tablet=&#8220;100%&#8220; width_phone=&#8220;&#8220; width_last_edited=&#8220;on|tablet&#8220; custom_margin=&#8220;|||-117px||&#8220; custom_padding=&#8220;|0px||0px||&#8220; transform_styles_tablet=&#8220;&#8220; transform_styles_phone=&#8220;&#8220; border_width_top=&#8220;1px&#8220; border_color_top=&#8220;#349fd8&#8243; text_text_align=&#8220;justify&#8220; width__hover_enabled=&#8220;on|desktop&#8220;]<\/p>\n<p>&nbsp;<\/p>\n<p>In \u2018Digging in Syrien\u2019 Theo de Feyter presents drawings, paintings and texts called forth by his observations of workers and scientists at one of the last excavations before the outbreak of the uprisings in Syria. The impressive landscape of the Euphrates reservoir forms the decorative scenery for the work of archaeologists, students and local workmen, who are exposing a Late Bronze Age town in this distant corner of the country. Archaeological field-work is a slow, laborious process carried out under difficult circumstances: De Feyter\u2019s drawings, paintings and texts document it carefully in all its aspects.<br \/>Here is a rare view into the archaeological practice of a typical excavation in the Middle East, a practice that had to be abandoned for the time being and that, if ever taken up again, will probably never look like what de Feyter has captured. This book is already a historical document.<\/p>\n<p>Theo de Feyter (born in the Netherlands, 1947) is both, an artist and an archaeologist. As archaeologist (University of Amsterdam) he has worked in Syria and in Turkey, as artist he has worked wherever his travels took him. He prefers a documentary way of drawing and has published several books of drawings and texts, e.g. \u2018Mensen en ru\u00efnes\u2019, about a visit in Homs and Aleppo in March 2017, or \u2018Syri\u00eb, een geschiedenis in ontmoetingen en plaatsen\u2019, a book about the history and culture of Syria (both publications in Dutch).<\/p>\n<p>[\/et_pb_text][\/et_pb_column][\/et_pb_section]<\/p>\n","protected":false},"excerpt":{"rendered":"<p>Theo de Feyter Graben in Syrien \/ Digging in Syria Eine gezeichnete und gemalte Reportage \/ A Report in drawings and paintings Format: 24 x 17 cm \u2014 Hardcover Umfang:\u00a0126 Seiten, 48 \u00fcberwiegend farbige AbbildungenLeseprobe \/ Extract ISBN:\u00a0978-3-935012-31-7 Preis: 24,80 \u20ac \u00a9 PeWe-Verlag 2018Im Buch \u2018Graben in Syrien\u2019 beobachtet Theo de Feyter mit seinen 2010 [&hellip;]<\/p>\n","protected":false},"author":1,"featured_media":0,"parent":0,"menu_order":0,"comment_status":"closed","ping_status":"closed","template":"","meta":{"_et_pb_use_builder":"on","_et_pb_old_content":"","_et_gb_content_width":"","footnotes":""},"class_list":["post-728","page","type-page","status-publish","hentry"],"_links":{"self":[{"href":"https:\/\/www.pewe-verlag.de\/index.php?rest_route=\/wp\/v2\/pages\/728","targetHints":{"allow":["GET"]}}],"collection":[{"href":"https:\/\/www.pewe-verlag.de\/index.php?rest_route=\/wp\/v2\/pages"}],"about":[{"href":"https:\/\/www.pewe-verlag.de\/index.php?rest_route=\/wp\/v2\/types\/page"}],"author":[{"embeddable":true,"href":"https:\/\/www.pewe-verlag.de\/index.php?rest_route=\/wp\/v2\/users\/1"}],"replies":[{"embeddable":true,"href":"https:\/\/www.pewe-verlag.de\/index.php?rest_route=%2Fwp%2Fv2%2Fcomments&post=728"}],"version-history":[{"count":12,"href":"https:\/\/www.pewe-verlag.de\/index.php?rest_route=\/wp\/v2\/pages\/728\/revisions"}],"predecessor-version":[{"id":3044,"href":"https:\/\/www.pewe-verlag.de\/index.php?rest_route=\/wp\/v2\/pages\/728\/revisions\/3044"}],"wp:attachment":[{"href":"https:\/\/www.pewe-verlag.de\/index.php?rest_route=%2Fwp%2Fv2%2Fmedia&parent=728"}],"curies":[{"name":"wp","href":"https:\/\/api.w.org\/{rel}","templated":true}]}}

<p>[et_pb_section fb_built=&#8220;1&#8243; make_equal=&#8220;on&#8220; use_custom_gutter=&#8220;on&#8220; specialty=&#8220;on&#8220; _builder_version=&#8220;3.27.3&#8243; width=&#8220;100%&#8220;][et_pb_column type=&#8220;1_2&#8243; specialty_columns=&#8220;2&#8243; _builder_version=&#8220;3.25&#8243; custom_padding=&#8220;|||&#8220; custom_padding__hover=&#8220;|||&#8220;][et_pb_row_inner _builder_version=&#8220;3.27.3&#8243;][et_pb_column_inner saved_specialty_column_type=&#8220;1_2&#8243; _builder_version=&#8220;3.27.3&#8243;][et_pb_image src=&#8220;https://pw.ulikes.de/wp/files/wp-content/uploads/2024/11/digging_in_syria.jpg&#8220; align_tablet=&#8220;center&#8220; align_phone=&#8220;right&#8220; align_last_edited=&#8220;on|phone&#8220; _builder_version=&#8220;4.0.6&#8243; transform_translate=&#8220;-95px|0px&#8220; width_tablet=&#8220;&#8220; width_phone=&#8220;78%&#8220; width_last_edited=&#8220;on|phone&#8220; hover_enabled=&#8220;0&#8243;][/et_pb_image][et_pb_text _builder_version=&#8220;3.27.4&#8243; text_font=&#8220;Trebuchet||||||||&#8220; text_font_size=&#8220;15px&#8220; custom_padding=&#8220;|185px||||&#8220;]</p>
<p><strong>Theo de Feyter</strong><br />
Graben in Syrien / Digging in Syria<br />
Eine gezeichnete und gemalte Reportage / A Report in drawings and paintings</p>
<p>Format: 24 x 17 cm — Hardcover<br />
Umfang: 126 Seiten, 48 überwiegend farbige Abbildungen</p>
<p><a href="https://www.pewe-verlag.de/res/liber31-excerptum.pdf" target="_blank" rel="noopener noreferrer">Leseprobe / Extract</a></p>
<p>ISBN: 978-3-935012-31-7<br />
Preis: 24,80 €<br />
© PeWe-Verlag 2018</p>
<p>[/et_pb_text][/et_pb_column_inner][/et_pb_row_inner][et_pb_row_inner _builder_version=&#8220;3.27.3&#8243;][et_pb_column_inner saved_specialty_column_type=&#8220;1_2&#8243; _builder_version=&#8220;3.27.3&#8243;][et_pb_button button_url=&#8220;@ET-DC@eyJkeW5hbWljIjp0cnVlLCJjb250ZW50IjoicG9zdF9saW5rX3VybF9wYWdlIiwic2V0dGluZ3MiOnsicG9zdF9pZCI6IjI4NyJ9fQ==@&#8220; url_new_window=&#8220;on&#8220; button_text=&#8220;BUCH ANFRAGEN&#8220; button_alignment=&#8220;left&#8220; _builder_version=&#8220;4.0.6&#8243; _dynamic_attributes=&#8220;button_url&#8220; custom_button=&#8220;on&#8220; button_text_size=&#8220;19px&#8220; button_text_color=&#8220;#349fd8&#8243; button_border_radius=&#8220;12px&#8220; button_font=&#8220;Antic||||||||&#8220; button_icon=&#8220;%%49%%&#8220; button_icon_color=&#8220;#29b71f&#8220; transform_translate=&#8220;-3px|-51px&#8220; filter_saturate=&#8220;110%&#8220; filter_brightness=&#8220;109%&#8220;][/et_pb_button][et_pb_button button_url=&#8220;@ET-DC@eyJkeW5hbWljIjp0cnVlLCJjb250ZW50IjoicG9zdF9saW5rX3VybF9wYWdlIiwic2V0dGluZ3MiOnsicG9zdF9pZCI6IjI4NyJ9fQ==@&#8220; url_new_window=&#8220;on&#8220; button_text=&#8220;REQUEST BOOK&#8220; button_alignment=&#8220;left&#8220; _builder_version=&#8220;4.0.6&#8243; _dynamic_attributes=&#8220;button_url&#8220; custom_button=&#8220;on&#8220; button_text_size=&#8220;19px&#8220; button_text_color=&#8220;#349fd8&#8243; button_border_radius=&#8220;12px&#8220; button_font=&#8220;Antic||||||||&#8220; button_icon=&#8220;%%49%%&#8220; button_icon_color=&#8220;#29b71f&#8220; transform_translate=&#8220;-3px|-51px&#8220; filter_saturate=&#8220;110%&#8220; filter_brightness=&#8220;109%&#8220;][/et_pb_button][/et_pb_column_inner][/et_pb_row_inner][/et_pb_column][et_pb_column type=&#8220;1_2&#8243; _builder_version=&#8220;3.25&#8243; custom_padding=&#8220;|||&#8220; custom_padding__hover=&#8220;|||&#8220;][et_pb_text _builder_version=&#8220;3.27.4&#8243; text_font_size=&#8220;17px&#8220; transform_scale_tablet=&#8220;&#8220; transform_scale_phone=&#8220;&#8220; transform_scale_last_edited=&#8220;on|tablet&#8220; transform_translate_tablet=&#8220;108px|-44px&#8220; transform_translate_phone=&#8220;&#8220; transform_translate_last_edited=&#8220;on|phone&#8220; transform_rotate_tablet=&#8220;&#8220; transform_rotate_phone=&#8220;&#8220; transform_rotate_last_edited=&#8220;on|tablet&#8220; transform_skew_tablet=&#8220;&#8220; transform_skew_phone=&#8220;&#8220; transform_skew_last_edited=&#8220;on|tablet&#8220; transform_origin_tablet=&#8220;&#8220; transform_origin_phone=&#8220;&#8220; transform_origin_last_edited=&#8220;on|tablet&#8220; transform_styles_last_edited=&#8220;on|phone&#8220; text_orientation=&#8220;justify&#8220; width=&#8220;120%&#8220; width_tablet=&#8220;100%&#8220; width_phone=&#8220;&#8220; width_last_edited=&#8220;on|tablet&#8220; custom_margin=&#8220;|||-117px||&#8220; custom_padding=&#8220;|0px||0px||&#8220; transform_styles_tablet=&#8220;&#8220; transform_styles_phone=&#8220;&#8220; text_text_align=&#8220;justify&#8220;]</p>
<p>Im Buch ‘Graben in Syrien’ beobachtet Theo de Feyter mit seinen 2010 entstandenen Zeichnungen, gemalten Bildern und Texten Arbeiter und Wissenschaftler in einer der letzten archäologischen Ausgrabungen in Syrien vor dem Ausbruch des Krieges. Die imposante Landschaft des Euphrat-Tals, seit 1974 ein Stausee, lieferte die Kulisse für den Alltag der Archäologen, Studenten und lokalen Arbeiter bei der Freilegung einer spätbronzezeitlichen Stadt. In diesem entlegenen Winkel des Landes ist Feldarchäologie eine akribische und oft harte Arbeit unter teilweise schwierigen Bedingungen. Sorgfältig dokumentiert Theo de Feyter in Bildern und Texten die für internationale Grabungsprojekte gängige Forschungspraxis vor Ort in all ihren Aspekten.<br /> Diese Reportage bietet einen außergewöhnlichen Blick auf die archäologische Praxis einer Ausgrabung im Vorderen Orient, eine Praxis die vorläufig brach liegt. Sie wird wahrscheinlich, sollte sie in der Zukunft irgendwann wieder gestartet werden, nie mehr so sein wie von Theo de Feyter festgehalten. Damit wird dieses Buch zum historischen Dokument.</p>
<p>[/et_pb_text][et_pb_text _builder_version=&#8220;4.0.6&#8243; text_font_size=&#8220;17px&#8220; transform_scale_tablet=&#8220;&#8220; transform_scale_phone=&#8220;&#8220; transform_scale_last_edited=&#8220;on|tablet&#8220; transform_translate_tablet=&#8220;105px|0px&#8220; transform_translate_phone=&#8220;&#8220; transform_translate_last_edited=&#8220;on|tablet&#8220; transform_rotate_tablet=&#8220;&#8220; transform_rotate_phone=&#8220;&#8220; transform_rotate_last_edited=&#8220;on|tablet&#8220; transform_skew_tablet=&#8220;&#8220; transform_skew_phone=&#8220;&#8220; transform_skew_last_edited=&#8220;on|tablet&#8220; transform_origin_tablet=&#8220;&#8220; transform_origin_phone=&#8220;&#8220; transform_origin_last_edited=&#8220;on|tablet&#8220; transform_styles_last_edited=&#8220;on|tablet&#8220; text_orientation=&#8220;justify&#8220; width=&#8220;120%&#8220; width_tablet=&#8220;100%&#8220; width_phone=&#8220;&#8220; width_last_edited=&#8220;on|tablet&#8220; custom_margin=&#8220;|||-117px||&#8220; custom_padding=&#8220;|0px||0px||&#8220; transform_styles_tablet=&#8220;&#8220; transform_styles_phone=&#8220;&#8220; border_width_top=&#8220;1px&#8220; border_color_top=&#8220;#349fd8&#8243; text_text_align=&#8220;justify&#8220; width__hover_enabled=&#8220;on|desktop&#8220;]</p>
<p>&nbsp;</p>
<p>In ‘Digging in Syrien’ Theo de Feyter presents drawings, paintings and texts called forth by his observations of workers and scientists at one of the last excavations before the outbreak of the uprisings in Syria. The impressive landscape of the Euphrates reservoir forms the decorative scenery for the work of archaeologists, students and local workmen, who are exposing a Late Bronze Age town in this distant corner of the country. Archaeological field-work is a slow, laborious process carried out under difficult circumstances: De Feyter’s drawings, paintings and texts document it carefully in all its aspects.<br />Here is a rare view into the archaeological practice of a typical excavation in the Middle East, a practice that had to be abandoned for the time being and that, if ever taken up again, will probably never look like what de Feyter has captured. This book is already a historical document.</p>
<p>Theo de Feyter (born in the Netherlands, 1947) is both, an artist and an archaeologist. As archaeologist (University of Amsterdam) he has worked in Syria and in Turkey, as artist he has worked wherever his travels took him. He prefers a documentary way of drawing and has published several books of drawings and texts, e.g. ‘Mensen en ruïnes’, about a visit in Homs and Aleppo in March 2017, or ‘Syrië, een geschiedenis in ontmoetingen en plaatsen’, a book about the history and culture of Syria (both publications in Dutch).</p>
<p>[/et_pb_text][/et_pb_column][/et_pb_section]</p>

<p>Theo de Feyter Graben in Syrien / Digging in Syria Eine gezeichnete und gemalte Reportage / A Report in drawings and paintings Format: 24 x 17 cm — Hardcover Umfang: 126 Seiten, 48 überwiegend farbige AbbildungenLeseprobe / Extract ISBN: 978-3-935012-31-7 Preis: 24,80 € © PeWe-Verlag 2018Im Buch ‘Graben in Syrien’ beobachtet Theo de Feyter mit seinen 2010 [&hellip;]</p>
