{"id":852,"date":"2019-09-25T17:48:20","date_gmt":"2019-09-25T15:48:20","guid":{"rendered":"https:\/\/modern.pewe-verlag.de\/?page_id=852"},"modified":"2024-11-22T12:42:39","modified_gmt":"2024-11-22T11:42:39","slug":"nele-diekmann-talbots-tools-notizbuecher-als-denklabor-eines-viktorianischen-keilschriftforschers-berliner-beitraege-zum-vorderen-orient-band-25","status":"publish","type":"page","link":"https:\/\/www.pewe-verlag.de\/?page_id=852","title":{"rendered":"Nele Diekmann Talbot&#8217;s Tools. Notizb\u00fccher als Denklabor eines viktorianischen Keilschriftforschers. Berliner Beitr\u00e4ge zum Vorderen Orient, Band 25"},"content":{"rendered":"<p>[et_pb_section fb_built=&#8220;1&#8243; make_equal=&#8220;on&#8220; use_custom_gutter=&#8220;on&#8220; specialty=&#8220;on&#8220; _builder_version=&#8220;3.27.3&#8243; width=&#8220;100%&#8220;][et_pb_column type=&#8220;1_2&#8243; specialty_columns=&#8220;2&#8243; _builder_version=&#8220;3.25&#8243; custom_padding=&#8220;|||&#8220; custom_padding__hover=&#8220;|||&#8220;][et_pb_row_inner _builder_version=&#8220;3.27.3&#8243;][et_pb_column_inner saved_specialty_column_type=&#8220;1_2&#8243; _builder_version=&#8220;3.27.3&#8243;][et_pb_image src=&#8220;https:\/\/pw.ulikes.de\/wp\/files\/wp-content\/uploads\/2024\/11\/bbvo-25.png&#8220; _builder_version=&#8220;4.0.6&#8243; hover_enabled=&#8220;0&#8243;][\/et_pb_image][et_pb_text _builder_version=&#8220;4.0.6&#8243; text_font=&#8220;Trebuchet||||||||&#8220; text_font_size=&#8220;15px&#8220; custom_padding=&#8220;|185px||||&#8220;]<\/p>\n<p><strong>Nele Diekmann<\/strong><br \/>\n<em>Talbot&#8217;s Tools<\/em>. Notizb\u00fccher als Denklabor eines viktorianischen Keilschriftforschers.<\/p>\n<p>Berliner Beitr\u00e4ge zum Vorderen Orient, Band 25<\/p>\n<p>Format: 24 x 17 cm\u00a0\u2014 Hardcover<br \/>\nUmfang:\u00a0294 Seiten, mit 84 Abbildungen<\/p>\n<p><a href=\"https:\/\/www.pewe-verlag.de\/res\/liber21-argumentum.pdf\" target=\"_blank\" rel=\"noopener noreferrer\">Inhalt \/ Content<\/a><\/p>\n<p>ISBN: 978-3-935012-21-8<br \/>\nPreis: 33,80 \u20ac<br \/>\n\u00a9 PeWe-Verlag 2017<\/p>\n<p>[\/et_pb_text][\/et_pb_column_inner][\/et_pb_row_inner][et_pb_row_inner _builder_version=&#8220;3.27.3&#8243;][et_pb_column_inner saved_specialty_column_type=&#8220;1_2&#8243; _builder_version=&#8220;3.27.3&#8243;][et_pb_button button_url=&#8220;@ET-DC@eyJkeW5hbWljIjp0cnVlLCJjb250ZW50IjoicG9zdF9saW5rX3VybF9wYWdlIiwic2V0dGluZ3MiOnsicG9zdF9pZCI6IjI4NyJ9fQ==@&#8220; url_new_window=&#8220;on&#8220; button_text=&#8220;BUCH ANFRAGEN&#8220; button_alignment=&#8220;left&#8220; _builder_version=&#8220;4.0.6&#8243; _dynamic_attributes=&#8220;button_url&#8220; custom_button=&#8220;on&#8220; button_text_size=&#8220;19px&#8220; button_text_color=&#8220;#349fd8&#8243; button_border_radius=&#8220;12px&#8220; button_font=&#8220;Antic||||||||&#8220; button_icon=&#8220;%%49%%&#8220; button_icon_color=&#8220;#29b71f&#8220; transform_translate=&#8220;-3px|-51px&#8220; filter_saturate=&#8220;110%&#8220; filter_brightness=&#8220;109%&#8220;][\/et_pb_button][et_pb_button button_url=&#8220;@ET-DC@eyJkeW5hbWljIjp0cnVlLCJjb250ZW50IjoicG9zdF9saW5rX3VybF9wYWdlIiwic2V0dGluZ3MiOnsicG9zdF9pZCI6IjI4NyJ9fQ==@&#8220; url_new_window=&#8220;on&#8220; button_text=&#8220;REQUEST BOOK&#8220; button_alignment=&#8220;left&#8220; _builder_version=&#8220;4.0.6&#8243; _dynamic_attributes=&#8220;button_url&#8220; custom_button=&#8220;on&#8220; button_text_size=&#8220;19px&#8220; button_text_color=&#8220;#349fd8&#8243; button_border_radius=&#8220;12px&#8220; button_font=&#8220;Antic||||||||&#8220; button_icon=&#8220;%%49%%&#8220; button_icon_color=&#8220;#29b71f&#8220; transform_translate=&#8220;-3px|-51px&#8220; filter_saturate=&#8220;110%&#8220; filter_brightness=&#8220;109%&#8220;][\/et_pb_button][\/et_pb_column_inner][\/et_pb_row_inner][\/et_pb_column][et_pb_column type=&#8220;1_2&#8243; _builder_version=&#8220;3.25&#8243; custom_padding=&#8220;|||&#8220; custom_padding__hover=&#8220;|||&#8220;][et_pb_text _builder_version=&#8220;3.27.4&#8243; text_font_size=&#8220;17px&#8220; transform_scale_tablet=&#8220;&#8220; transform_scale_phone=&#8220;&#8220; transform_scale_last_edited=&#8220;on|phone&#8220; transform_translate_tablet=&#8220;109px|-34px&#8220; transform_translate_phone=&#8220;&#8220; transform_translate_last_edited=&#8220;on|phone&#8220; transform_rotate_tablet=&#8220;&#8220; transform_rotate_phone=&#8220;&#8220; transform_rotate_last_edited=&#8220;on|phone&#8220; transform_skew_tablet=&#8220;&#8220; transform_skew_phone=&#8220;&#8220; transform_skew_last_edited=&#8220;on|phone&#8220; transform_origin_tablet=&#8220;&#8220; transform_origin_phone=&#8220;&#8220; transform_origin_last_edited=&#8220;on|phone&#8220; transform_styles_last_edited=&#8220;on|phone&#8220; text_orientation=&#8220;justify&#8220; width=&#8220;120%&#8220; width_tablet=&#8220;100%&#8220; width_phone=&#8220;&#8220; width_last_edited=&#8220;on|phone&#8220; custom_margin=&#8220;|||-117px||&#8220; custom_padding=&#8220;|0px||0px||&#8220; transform_styles_tablet=&#8220;&#8220; transform_styles_phone=&#8220;&#8220; text_text_align=&#8220;justify&#8220;]<\/p>\n<p>Viel ist bereits \u00fcber die Entzifferung antiker Schriftsysteme im 19. Jahrhundert, beispielsweise der \u00e4gyptischen Hieroglyphen oder der assyrisch-babylonischen Keilschrift geschrieben worden. Nur selten erf\u00e4hrt man jedoch mehr \u00fcber die Details des methodischen Vorgehens der Forscher, die sich bem\u00fchten, eine Gleichung mit vielen Unbekannten zu l\u00f6sen. Wie genau gingen sie vor, um St\u00fcck f\u00fcr St\u00fcck Struktur und Lesung der unbekannten Zeichen zu verstehen? Und welche Instrumente standen ihnen zu Verf\u00fcgung, um solche komplexen intellektuellen R\u00e4tsel zu l\u00f6sen?<br \/> Die Publikation widmet sich genau dieser Frage. Am Beispiel des viktorianischen Gelehrten William Henry Fox Talbot (1800-1877) wird beleuchtet, welche Rolle im Forschungsprozess den zahlreichen Notizb\u00fcchern zukommt, die Talbot der Nachwelt hinterlassen hat. An ihnen l\u00e4sst sich nachvollziehen, wie Denken und Schreiben zu einander erg\u00e4nzenden Prozessen werden und auf den Seiten Ergebnisse produzieren, die allein \u201eim Kopf\u201c nicht m\u00f6glich gewesen w\u00e4ren. In seinen Notizb\u00fcchern kategorisiert, ordnet, experimentiert und korrigiert Talbot und die Publikation macht es sich zur Aufgabe, diese sich teilweise \u00fcberlagernden Prozesse zu analysieren und anhand zahlreicher Beispiele darzustellen.<br \/> \u00dcber Fragen der Schriftforschung hinaus enth\u00e4lt der Band einen detaillierten \u00dcberblick \u00fcber die Geschichte der fr\u00fchen Keilschriftforschung, die von den ersten Berichten von Orientreisenden \u00fcber die Entzifferungserfolge von Henry Rawlinson (1810-1895) und Edward Hincks (1792-1866) bis hin zur Macht- und Informationspolitik in den gelehrten Kreisen der viktorianischen Gesellschaft reicht.<br \/> Damit ist die Untersuchung zwischen verschiedenen Disziplinen angesiedelt und beantwortet Fragen der Schrifttheorie, der Wissenschaftsgeschichte und der Altorientalistik in gleichem Ma\u00dfe.<\/p>\n<p>[\/et_pb_text][et_pb_text _builder_version=&#8220;4.0.6&#8243; text_font_size=&#8220;17px&#8220; transform_scale_tablet=&#8220;&#8220; transform_scale_phone=&#8220;&#8220; transform_scale_last_edited=&#8220;on|phone&#8220; transform_translate_tablet=&#8220;106px|1px&#8220; transform_translate_phone=&#8220;106px|0px&#8220; transform_translate_last_edited=&#8220;on|tablet&#8220; transform_rotate_tablet=&#8220;&#8220; transform_rotate_phone=&#8220;&#8220; transform_rotate_last_edited=&#8220;on|phone&#8220; transform_skew_tablet=&#8220;&#8220; transform_skew_phone=&#8220;&#8220; transform_skew_last_edited=&#8220;on|phone&#8220; transform_origin_tablet=&#8220;&#8220; transform_origin_phone=&#8220;&#8220; transform_origin_last_edited=&#8220;on|phone&#8220; transform_styles_last_edited=&#8220;on|tablet&#8220; text_orientation=&#8220;justify&#8220; width=&#8220;120%&#8220; width_tablet=&#8220;100%&#8220; width_phone=&#8220;&#8220; width_last_edited=&#8220;on|phone&#8220; custom_margin=&#8220;|||-117px||&#8220; custom_padding=&#8220;|0px||0px||&#8220; transform_styles_tablet=&#8220;&#8220; transform_styles_phone=&#8220;&#8220; border_width_top=&#8220;1px&#8220; border_color_top=&#8220;#349fd8&#8243; text_text_align=&#8220;justify&#8220;]<\/p>\n<p>&nbsp;<\/p>\n<p>Much has been written about the decipherment, in the course of the 19th century, of ancient systems of writing, for instance the Egyptian hieroglyphs or the Assyrian-Babylonian cuneiform script. But rarely do we learn more about the details of the researchers\u2019 methods when they were trying to solve an equation with many unknown quantities. How exactly did they proceed on their way to an understanding of the structure and meaning of the unknown signs? And which instruments were available towards the solution of such complex intellectual riddles?<br \/>The publication is concerned with just that question. What was the role in the research process of the numerous notebooks which the Victorian scholar William Henry Fox Talbot (1800-1877) left behind? They provide an opportunity to observe how thinking and writing supplement each other and interact to produce results on the page that could not possibly have been reached just \u201cin the mind\u201c. In his notebooks Talbot categorizes, orders, experiments and corrects; the publication aims at analysing those partially superimposed processes and elucidate them with many examples.<br \/>In addition to matters of script research, in general, the volume gives a detailed overview over the early history of cuneiform research: it begins with the first reports by travellers to the Middle East, continues with the successful decipherments by Henry Rawlinson (1810-1895) and Edward Hincks (1792-1866) and even includes the power and information policies among scholarly circles of the Victorian society.<br \/>The book thus touches upon several disciplines: it treats to the same degree questions of the theory of script, the history of science and of Ancient Near Eastern Studies.<\/p>\n<p>&nbsp;<\/p>\n<p>[\/et_pb_text][\/et_pb_column][\/et_pb_section]<\/p>\n","protected":false},"excerpt":{"rendered":"<p>Nele Diekmann Talbot&#8217;s Tools. Notizb\u00fccher als Denklabor eines viktorianischen Keilschriftforschers. Berliner Beitr\u00e4ge zum Vorderen Orient, Band 25 Format: 24 x 17 cm\u00a0\u2014 Hardcover Umfang:\u00a0294 Seiten, mit 84 Abbildungen Inhalt \/ Content ISBN: 978-3-935012-21-8 Preis: 33,80 \u20ac \u00a9 PeWe-Verlag 2017Viel ist bereits \u00fcber die Entzifferung antiker Schriftsysteme im 19. Jahrhundert, beispielsweise der \u00e4gyptischen Hieroglyphen oder der [&hellip;]<\/p>\n","protected":false},"author":1,"featured_media":0,"parent":0,"menu_order":0,"comment_status":"closed","ping_status":"closed","template":"","meta":{"_et_pb_use_builder":"on","_et_pb_old_content":"","_et_gb_content_width":"","footnotes":""},"class_list":["post-852","page","type-page","status-publish","hentry"],"_links":{"self":[{"href":"https:\/\/www.pewe-verlag.de\/index.php?rest_route=\/wp\/v2\/pages\/852","targetHints":{"allow":["GET"]}}],"collection":[{"href":"https:\/\/www.pewe-verlag.de\/index.php?rest_route=\/wp\/v2\/pages"}],"about":[{"href":"https:\/\/www.pewe-verlag.de\/index.php?rest_route=\/wp\/v2\/types\/page"}],"author":[{"embeddable":true,"href":"https:\/\/www.pewe-verlag.de\/index.php?rest_route=\/wp\/v2\/users\/1"}],"replies":[{"embeddable":true,"href":"https:\/\/www.pewe-verlag.de\/index.php?rest_route=%2Fwp%2Fv2%2Fcomments&post=852"}],"version-history":[{"count":10,"href":"https:\/\/www.pewe-verlag.de\/index.php?rest_route=\/wp\/v2\/pages\/852\/revisions"}],"predecessor-version":[{"id":3072,"href":"https:\/\/www.pewe-verlag.de\/index.php?rest_route=\/wp\/v2\/pages\/852\/revisions\/3072"}],"wp:attachment":[{"href":"https:\/\/www.pewe-verlag.de\/index.php?rest_route=%2Fwp%2Fv2%2Fmedia&parent=852"}],"curies":[{"name":"wp","href":"https:\/\/api.w.org\/{rel}","templated":true}]}}