{"id":874,"date":"2019-09-25T18:04:50","date_gmt":"2019-09-25T16:04:50","guid":{"rendered":"https:\/\/modern.pewe-verlag.de\/?page_id=874"},"modified":"2024-11-20T16:50:43","modified_gmt":"2024-11-20T15:50:43","slug":"nedal-haj-darwich-goetter-und-mischwesen-in-syrien-und-westmesopotamien-in-der-fruehbronzezeit","status":"publish","type":"page","link":"https:\/\/www.pewe-verlag.de\/?page_id=874","title":{"rendered":"Nedal Haj Darwich G\u00f6tter und Mischwesen in Syrien und Westmesopotamien in der Fr\u00fchbronzezeit."},"content":{"rendered":"<p>[et_pb_section fb_built=&#8220;1&#8243; make_equal=&#8220;on&#8220; use_custom_gutter=&#8220;on&#8220; specialty=&#8220;on&#8220; _builder_version=&#8220;3.27.3&#8243; width=&#8220;100%&#8220;][et_pb_column type=&#8220;1_2&#8243; specialty_columns=&#8220;2&#8243; _builder_version=&#8220;3.25&#8243; custom_padding=&#8220;|||&#8220; custom_padding__hover=&#8220;|||&#8220;][et_pb_row_inner _builder_version=&#8220;3.27.3&#8243;][et_pb_column_inner saved_specialty_column_type=&#8220;1_2&#8243; _builder_version=&#8220;3.27.3&#8243;][et_pb_image src=&#8220;https:\/\/pw.ulikes.de\/wp\/files\/wp-content\/uploads\/2024\/11\/Darwich-98.png&#8220; _builder_version=&#8220;4.0.6&#8243; hover_enabled=&#8220;0&#8243;][\/et_pb_image][et_pb_text _builder_version=&#8220;3.27.4&#8243; text_font=&#8220;Trebuchet||||||||&#8220; text_font_size=&#8220;15px&#8220; custom_padding=&#8220;|185px||||&#8220;]<\/p>\n<p><strong>Nedal Haj Darwich<\/strong><br \/>G\u00f6tter und Mischwesen in Syrien und Westmesopotamien in der Fr\u00fchbronzezeit.<\/p>\n<p>Format: Ebook<br \/>Umfang:\u00a0302 pages, with more than 320, partly col. fig.<\/p>\n<p><a href=\"https:\/\/www.pewe-verlag.de\/res\/liber98-argumentum.pdf\" target=\"_blank\" rel=\"noopener noreferrer\"> Inhalt \/ content<\/a><\/p>\n<p>ISBN:\u00a0978-3-935012-98-0<br \/>Preis: 14,80 \u20ac<br \/>\u00a9 PeWe-Verlag 2010<\/p>\n<p>&nbsp;<\/p>\n<p>The book can only be ordered from a book-shop.<\/p>\n<p>[\/et_pb_text][\/et_pb_column_inner][\/et_pb_row_inner][et_pb_row_inner _builder_version=&#8220;3.27.3&#8243;][et_pb_column_inner saved_specialty_column_type=&#8220;1_2&#8243; _builder_version=&#8220;3.27.3&#8243;][et_pb_button button_url=&#8220;https:\/\/www.ebook.de\/de\/product\/22995412\/nedal_haj_darwich_goetter_und_mischwesen_in_syrien_und_westmesopotamien_in_der_fruehbronzezeit.html?searchId=1269556229&#038;originalSearchString=darwich&#8220; url_new_window=&#8220;on&#8220; button_text=&#8220;BUCH BESTELLEN&#8220; button_alignment=&#8220;left&#8220; _builder_version=&#8220;4.0.6&#8243; custom_button=&#8220;on&#8220; button_text_size=&#8220;19px&#8220; button_text_color=&#8220;#349fd8&#8243; button_border_radius=&#8220;12px&#8220; button_font=&#8220;Antic||||||||&#8220; button_icon=&#8220;%%49%%&#8220; button_icon_color=&#8220;#29b71f&#8220; transform_translate=&#8220;-3px|-51px&#8220; filter_saturate=&#8220;110%&#8220; filter_brightness=&#8220;109%&#8220;][\/et_pb_button][et_pb_button button_url=&#8220;https:\/\/www.ebook.de\/de\/product\/22995412\/nedal_haj_darwich_goetter_und_mischwesen_in_syrien_und_westmesopotamien_in_der_fruehbronzezeit.html?searchId=1269556229&#038;originalSearchString=darwich&#8220; url_new_window=&#8220;on&#8220; button_text=&#8220;ORDER BOOK&#8220; button_alignment=&#8220;left&#8220; _builder_version=&#8220;4.0.6&#8243; custom_button=&#8220;on&#8220; button_text_size=&#8220;19px&#8220; button_text_color=&#8220;#349fd8&#8243; button_border_radius=&#8220;12px&#8220; button_font=&#8220;Antic||||||||&#8220; button_icon=&#8220;%%49%%&#8220; button_icon_color=&#8220;#29b71f&#8220; transform_translate=&#8220;-3px|-51px&#8220; filter_saturate=&#8220;110%&#8220; filter_brightness=&#8220;109%&#8220;][\/et_pb_button][\/et_pb_column_inner][\/et_pb_row_inner][\/et_pb_column][et_pb_column type=&#8220;1_2&#8243; _builder_version=&#8220;3.25&#8243; custom_padding=&#8220;|||&#8220; custom_padding__hover=&#8220;|||&#8220;][et_pb_text _builder_version=&#8220;4.0.6&#8243; text_font_size=&#8220;17px&#8220; transform_scale_tablet=&#8220;&#8220; transform_scale_phone=&#8220;&#8220; transform_scale_last_edited=&#8220;on|tablet&#8220; transform_translate_tablet=&#8220;111px|-34px&#8220; transform_translate_phone=&#8220;&#8220; transform_translate_last_edited=&#8220;on|phone&#8220; transform_rotate_tablet=&#8220;&#8220; transform_rotate_phone=&#8220;&#8220; transform_rotate_last_edited=&#8220;on|phone&#8220; transform_skew_tablet=&#8220;&#8220; transform_skew_phone=&#8220;&#8220; transform_skew_last_edited=&#8220;on|phone&#8220; transform_origin_tablet=&#8220;&#8220; transform_origin_phone=&#8220;&#8220; transform_origin_last_edited=&#8220;on|phone&#8220; transform_styles_last_edited=&#8220;on|phone&#8220; text_orientation=&#8220;justify&#8220; width=&#8220;120%&#8220; width_tablet=&#8220;100%&#8220; width_phone=&#8220;&#8220; width_last_edited=&#8220;on|phone&#8220; custom_margin=&#8220;|||-117px||&#8220; custom_padding=&#8220;|0px||0px||&#8220; transform_styles_tablet=&#8220;&#8220; transform_styles_phone=&#8220;&#8220; text_text_align=&#8220;justify&#8220;]<\/p>\n<p>Diese Arbeit besch\u00e4ftigt sich mit dem geographischen Raum, der sich westlich an die &#8222;klassischen&#8220; Gebiete fr\u00fchmesopotamischer Kulturen anschlie\u00dft. Diese Region stand bisher nur am Rande des wissenschaftlichen Fokus. Der untersuchte Zeitraum beschr\u00e4nkt sich auf das 3. vorchristliche Jahrtausend, mit dem Ziel eine zusammenfassende Darstellung der G\u00f6tter und Mischwesen auf allen Denkm\u00e4lergattungen vorzulegen.<br \/>Zur Bestimmung, Datierung und Funktion der einzelnen Motive werden Vergleiche zu den Denkm\u00e4lern anderer mesopotamischer Regionen gezogen.<br \/>Dar\u00fcber hinaus werden die in dieser Arbeit vorgestellten Gottheiten und Mischwesen sowohl in ihrem ikonographischen als auch textlichen, historischen Kontext betrachtet.<\/p>\n<p>[\/et_pb_text][et_pb_text _builder_version=&#8220;4.0.6&#8243; text_font_size=&#8220;17px&#8220; transform_scale_tablet=&#8220;&#8220; transform_scale_phone=&#8220;&#8220; transform_scale_last_edited=&#8220;on|tablet&#8220; transform_translate_tablet=&#8220;111px|-34px&#8220; transform_translate_phone=&#8220;&#8220; transform_translate_last_edited=&#8220;on|phone&#8220; transform_rotate_tablet=&#8220;&#8220; transform_rotate_phone=&#8220;&#8220; transform_rotate_last_edited=&#8220;on|phone&#8220; transform_skew_tablet=&#8220;&#8220; transform_skew_phone=&#8220;&#8220; transform_skew_last_edited=&#8220;on|phone&#8220; transform_origin_tablet=&#8220;&#8220; transform_origin_phone=&#8220;&#8220; transform_origin_last_edited=&#8220;on|phone&#8220; transform_styles_last_edited=&#8220;on|phone&#8220; text_orientation=&#8220;justify&#8220; width=&#8220;120%&#8220; width_tablet=&#8220;100%&#8220; width_phone=&#8220;&#8220; width_last_edited=&#8220;on|phone&#8220; custom_margin=&#8220;|||-117px||&#8220; custom_padding=&#8220;|0px||0px||&#8220; transform_styles_tablet=&#8220;&#8220; transform_styles_phone=&#8220;&#8220; border_width_top=&#8220;1px&#8220; border_color_top=&#8220;#349fd8&#8243; text_text_align=&#8220;justify&#8220;]<\/p>\n<p>&nbsp;<\/p>\n<p>The study covers the geographical space west of the \u201cclassical\u201d theatre of early Mesopotamian cultures, a region so far not in the focus of science. The investigation is restricted to the 3rd millennium BC and aims at a comprehensive presentation of gods and demons on all genres of monuments.<br \/>Comparisons with monuments from other parts of Mesopotamia help to identify the individual motives as to their date and function.<br \/>In addition, the gods and demons are considered in their iconographic as well as textual and historical context.<\/p>\n<p>[\/et_pb_text][\/et_pb_column][\/et_pb_section]<\/p>\n","protected":false},"excerpt":{"rendered":"<p>Nedal Haj DarwichG\u00f6tter und Mischwesen in Syrien und Westmesopotamien in der Fr\u00fchbronzezeit. Format: EbookUmfang:\u00a0302 pages, with more than 320, partly col. fig. Inhalt \/ content ISBN:\u00a0978-3-935012-98-0Preis: 14,80 \u20ac\u00a9 PeWe-Verlag 2010 &nbsp; The book can only be ordered from a book-shop.Diese Arbeit besch\u00e4ftigt sich mit dem geographischen Raum, der sich westlich an die &#8222;klassischen&#8220; Gebiete fr\u00fchmesopotamischer [&hellip;]<\/p>\n","protected":false},"author":1,"featured_media":0,"parent":0,"menu_order":0,"comment_status":"closed","ping_status":"closed","template":"","meta":{"_et_pb_use_builder":"on","_et_pb_old_content":"","_et_gb_content_width":"","footnotes":""},"class_list":["post-874","page","type-page","status-publish","hentry"],"_links":{"self":[{"href":"https:\/\/www.pewe-verlag.de\/index.php?rest_route=\/wp\/v2\/pages\/874","targetHints":{"allow":["GET"]}}],"collection":[{"href":"https:\/\/www.pewe-verlag.de\/index.php?rest_route=\/wp\/v2\/pages"}],"about":[{"href":"https:\/\/www.pewe-verlag.de\/index.php?rest_route=\/wp\/v2\/types\/page"}],"author":[{"embeddable":true,"href":"https:\/\/www.pewe-verlag.de\/index.php?rest_route=\/wp\/v2\/users\/1"}],"replies":[{"embeddable":true,"href":"https:\/\/www.pewe-verlag.de\/index.php?rest_route=%2Fwp%2Fv2%2Fcomments&post=874"}],"version-history":[{"count":8,"href":"https:\/\/www.pewe-verlag.de\/index.php?rest_route=\/wp\/v2\/pages\/874\/revisions"}],"predecessor-version":[{"id":3043,"href":"https:\/\/www.pewe-verlag.de\/index.php?rest_route=\/wp\/v2\/pages\/874\/revisions\/3043"}],"wp:attachment":[{"href":"https:\/\/www.pewe-verlag.de\/index.php?rest_route=%2Fwp%2Fv2%2Fmedia&parent=874"}],"curies":[{"name":"wp","href":"https:\/\/api.w.org\/{rel}","templated":true}]}}