{"id":904,"date":"2019-09-25T20:53:25","date_gmt":"2019-09-25T18:53:25","guid":{"rendered":"https:\/\/modern.pewe-verlag.de\/?page_id=904"},"modified":"2019-11-11T09:16:58","modified_gmt":"2019-11-11T08:16:58","slug":"mensch-gladbeck-zwoelf-gladbecker-zwoelf-leben-zwoelf-portraits","status":"publish","type":"page","link":"https:\/\/www.pewe-verlag.de\/?page_id=904","title":{"rendered":"Mensch Gladbeck Zw\u00f6lf Gladbecker. Zw\u00f6lf Leben. Zw\u00f6lf Portraits."},"content":{"rendered":"<p>[et_pb_section fb_built=&#8220;1&#8243; make_equal=&#8220;on&#8220; use_custom_gutter=&#8220;on&#8220; specialty=&#8220;on&#8220; _builder_version=&#8220;3.27.3&#8243; width=&#8220;100%&#8220;][et_pb_column type=&#8220;1_2&#8243; specialty_columns=&#8220;2&#8243; _builder_version=&#8220;3.25&#8243; custom_padding=&#8220;|||&#8220; custom_padding__hover=&#8220;|||&#8220;][et_pb_row_inner _builder_version=&#8220;3.27.3&#8243;][et_pb_column_inner saved_specialty_column_type=&#8220;1_2&#8243; _builder_version=&#8220;3.27.3&#8243;][et_pb_image src=&#8220;https:\/\/www.pewe-verlag.de\/wp-content\/uploads\/2019\/09\/Mensch-Gladbeck.png&#8220; _builder_version=&#8220;4.0.6&#8243; hover_enabled=&#8220;0&#8243;][\/et_pb_image][et_pb_text _builder_version=&#8220;4.0.6&#8243; text_font=&#8220;Trebuchet||||||||&#8220; text_font_size=&#8220;15px&#8220; custom_padding=&#8220;|185px||||&#8220;]<\/p>\n<p><strong>Mensch Gladbeck<\/strong><br \/>\nZw\u00f6lf Gladbecker. Zw\u00f6lf Leben. Zw\u00f6lf Portraits.<\/p>\n<p>Format: Softcover<br \/>\nUmfang:\u00a082 Seiten, mit 13 farbigen Abbildungen<\/p>\n<p><a href=\"https:\/\/www.pewe-verlag.de\/res\/liber10-argumentum.pdf\" target=\"_blank\" rel=\"noopener noreferrer\">Inhalt<\/a><\/p>\n<p>ISBN: 978-3-935012-10-2<br \/>\nPreis: 12,00 \u20ac<br \/>\n\u00a9 PeWe-Verlag 2012<\/p>\n<p>[\/et_pb_text][\/et_pb_column_inner][\/et_pb_row_inner][et_pb_row_inner _builder_version=&#8220;3.27.3&#8243;][et_pb_column_inner saved_specialty_column_type=&#8220;1_2&#8243; _builder_version=&#8220;3.27.3&#8243;][et_pb_button button_url=&#8220;@ET-DC@eyJkeW5hbWljIjp0cnVlLCJjb250ZW50IjoicG9zdF9saW5rX3VybF9wYWdlIiwic2V0dGluZ3MiOnsicG9zdF9pZCI6IjI4NyJ9fQ==@&#8220; url_new_window=&#8220;on&#8220; button_text=&#8220;BUCH ANFRAGEN&#8220; button_alignment=&#8220;left&#8220; _builder_version=&#8220;4.0.6&#8243; _dynamic_attributes=&#8220;button_url&#8220; custom_button=&#8220;on&#8220; button_text_size=&#8220;19px&#8220; button_text_color=&#8220;#349fd8&#8243; button_border_radius=&#8220;12px&#8220; button_font=&#8220;Antic||||||||&#8220; button_icon=&#8220;%%49%%&#8220; button_icon_color=&#8220;#29b71f&#8220; transform_translate=&#8220;-3px|-51px&#8220; filter_saturate=&#8220;110%&#8220; filter_brightness=&#8220;109%&#8220;][\/et_pb_button][\/et_pb_column_inner][\/et_pb_row_inner][\/et_pb_column][et_pb_column type=&#8220;1_2&#8243; _builder_version=&#8220;3.25&#8243; custom_padding=&#8220;|||&#8220; custom_padding__hover=&#8220;|||&#8220;][et_pb_text _builder_version=&#8220;3.27.4&#8243; text_font_size=&#8220;17px&#8220; transform_scale_tablet=&#8220;&#8220; transform_scale_phone=&#8220;&#8220; transform_scale_last_edited=&#8220;on|phone&#8220; transform_translate_tablet=&#8220;112px|-40px&#8220; transform_translate_phone=&#8220;112px|-38px&#8220; transform_translate_last_edited=&#8220;on|tablet&#8220; transform_rotate_tablet=&#8220;&#8220; transform_rotate_phone=&#8220;&#8220; transform_rotate_last_edited=&#8220;on|phone&#8220; transform_skew_tablet=&#8220;&#8220; transform_skew_phone=&#8220;&#8220; transform_skew_last_edited=&#8220;on|phone&#8220; transform_origin_tablet=&#8220;&#8220; transform_origin_phone=&#8220;&#8220; transform_origin_last_edited=&#8220;on|phone&#8220; transform_styles_last_edited=&#8220;on|tablet&#8220; text_orientation=&#8220;justify&#8220; width=&#8220;120%&#8220; width_tablet=&#8220;100%&#8220; width_phone=&#8220;&#8220; width_last_edited=&#8220;on|phone&#8220; custom_margin=&#8220;|||-117px||&#8220; custom_padding=&#8220;|0px||0px||&#8220; transform_styles_tablet=&#8220;&#8220; transform_styles_phone=&#8220;&#8220; text_text_align=&#8220;justify&#8220;]<\/p>\n<p>Es gibt sie, die besonderen Menschen in dieser Stadt. Ob Hebamme, Chefdirigent oder Europameister im Blindenkegeln, \u201eMensch Gladbeck\u201c stellt zw\u00f6lf interessante Gladbacher in den Mittelpunkt. Das Begleitbuch zur Ausstellung \u201eMensch Gladbeck\u201c pr\u00e4sentiert zw\u00f6lf spannende Lebensgeschichten mit Fotos von Pedro Malinowski.<\/p>\n<p>&nbsp;<\/p>\n<p>[\/et_pb_text][\/et_pb_column][\/et_pb_section]<\/p>\n","protected":false},"excerpt":{"rendered":"<p>Mensch Gladbeck Zw\u00f6lf Gladbecker. Zw\u00f6lf Leben. Zw\u00f6lf Portraits. Format: Softcover Umfang:\u00a082 Seiten, mit 13 farbigen Abbildungen Inhalt ISBN: 978-3-935012-10-2 Preis: 12,00 \u20ac \u00a9 PeWe-Verlag 2012Es gibt sie, die besonderen Menschen in dieser Stadt. Ob Hebamme, Chefdirigent oder Europameister im Blindenkegeln, \u201eMensch Gladbeck\u201c stellt zw\u00f6lf interessante Gladbacher in den Mittelpunkt. Das Begleitbuch zur Ausstellung \u201eMensch Gladbeck\u201c [&hellip;]<\/p>\n","protected":false},"author":1,"featured_media":0,"parent":0,"menu_order":0,"comment_status":"closed","ping_status":"closed","template":"","meta":{"_et_pb_use_builder":"on","_et_pb_old_content":"","_et_gb_content_width":"","footnotes":""},"class_list":["post-904","page","type-page","status-publish","hentry"],"_links":{"self":[{"href":"https:\/\/www.pewe-verlag.de\/index.php?rest_route=\/wp\/v2\/pages\/904","targetHints":{"allow":["GET"]}}],"collection":[{"href":"https:\/\/www.pewe-verlag.de\/index.php?rest_route=\/wp\/v2\/pages"}],"about":[{"href":"https:\/\/www.pewe-verlag.de\/index.php?rest_route=\/wp\/v2\/types\/page"}],"author":[{"embeddable":true,"href":"https:\/\/www.pewe-verlag.de\/index.php?rest_route=\/wp\/v2\/users\/1"}],"replies":[{"embeddable":true,"href":"https:\/\/www.pewe-verlag.de\/index.php?rest_route=%2Fwp%2Fv2%2Fcomments&post=904"}],"version-history":[{"count":7,"href":"https:\/\/www.pewe-verlag.de\/index.php?rest_route=\/wp\/v2\/pages\/904\/revisions"}],"predecessor-version":[{"id":2018,"href":"https:\/\/www.pewe-verlag.de\/index.php?rest_route=\/wp\/v2\/pages\/904\/revisions\/2018"}],"wp:attachment":[{"href":"https:\/\/www.pewe-verlag.de\/index.php?rest_route=%2Fwp%2Fv2%2Fmedia&parent=904"}],"curies":[{"name":"wp","href":"https:\/\/api.w.org\/{rel}","templated":true}]}}

Mensch Gladbeck Zwölf Gladbecker. Zwölf Leben. Zwölf Portraits.

<p>[et_pb_section fb_built=&#8220;1&#8243; make_equal=&#8220;on&#8220; use_custom_gutter=&#8220;on&#8220; specialty=&#8220;on&#8220; _builder_version=&#8220;3.27.3&#8243; width=&#8220;100%&#8220;][et_pb_column type=&#8220;1_2&#8243; specialty_columns=&#8220;2&#8243; _builder_version=&#8220;3.25&#8243; custom_padding=&#8220;|||&#8220; custom_padding__hover=&#8220;|||&#8220;][et_pb_row_inner _builder_version=&#8220;3.27.3&#8243;][et_pb_column_inner saved_specialty_column_type=&#8220;1_2&#8243; _builder_version=&#8220;3.27.3&#8243;][et_pb_image src=&#8220;https://www.pewe-verlag.de/wp-content/uploads/2019/09/Mensch-Gladbeck.png&#8220; _builder_version=&#8220;4.0.6&#8243; hover_enabled=&#8220;0&#8243;][/et_pb_image][et_pb_text _builder_version=&#8220;4.0.6&#8243; text_font=&#8220;Trebuchet||||||||&#8220; text_font_size=&#8220;15px&#8220; custom_padding=&#8220;|185px||||&#8220;]</p>
<p><strong>Mensch Gladbeck</strong><br />
Zwölf Gladbecker. Zwölf Leben. Zwölf Portraits.</p>
<p>Format: Softcover<br />
Umfang: 82 Seiten, mit 13 farbigen Abbildungen</p>
<p><a href="https://www.pewe-verlag.de/res/liber10-argumentum.pdf" target="_blank" rel="noopener noreferrer">Inhalt</a></p>
<p>ISBN: 978-3-935012-10-2<br />
Preis: 12,00 €<br />
© PeWe-Verlag 2012</p>
<p>[/et_pb_text][/et_pb_column_inner][/et_pb_row_inner][et_pb_row_inner _builder_version=&#8220;3.27.3&#8243;][et_pb_column_inner saved_specialty_column_type=&#8220;1_2&#8243; _builder_version=&#8220;3.27.3&#8243;][et_pb_button button_url=&#8220;@ET-DC@eyJkeW5hbWljIjp0cnVlLCJjb250ZW50IjoicG9zdF9saW5rX3VybF9wYWdlIiwic2V0dGluZ3MiOnsicG9zdF9pZCI6IjI4NyJ9fQ==@&#8220; url_new_window=&#8220;on&#8220; button_text=&#8220;BUCH ANFRAGEN&#8220; button_alignment=&#8220;left&#8220; _builder_version=&#8220;4.0.6&#8243; _dynamic_attributes=&#8220;button_url&#8220; custom_button=&#8220;on&#8220; button_text_size=&#8220;19px&#8220; button_text_color=&#8220;#349fd8&#8243; button_border_radius=&#8220;12px&#8220; button_font=&#8220;Antic||||||||&#8220; button_icon=&#8220;%%49%%&#8220; button_icon_color=&#8220;#29b71f&#8220; transform_translate=&#8220;-3px|-51px&#8220; filter_saturate=&#8220;110%&#8220; filter_brightness=&#8220;109%&#8220;][/et_pb_button][/et_pb_column_inner][/et_pb_row_inner][/et_pb_column][et_pb_column type=&#8220;1_2&#8243; _builder_version=&#8220;3.25&#8243; custom_padding=&#8220;|||&#8220; custom_padding__hover=&#8220;|||&#8220;][et_pb_text _builder_version=&#8220;3.27.4&#8243; text_font_size=&#8220;17px&#8220; transform_scale_tablet=&#8220;&#8220; transform_scale_phone=&#8220;&#8220; transform_scale_last_edited=&#8220;on|phone&#8220; transform_translate_tablet=&#8220;112px|-40px&#8220; transform_translate_phone=&#8220;112px|-38px&#8220; transform_translate_last_edited=&#8220;on|tablet&#8220; transform_rotate_tablet=&#8220;&#8220; transform_rotate_phone=&#8220;&#8220; transform_rotate_last_edited=&#8220;on|phone&#8220; transform_skew_tablet=&#8220;&#8220; transform_skew_phone=&#8220;&#8220; transform_skew_last_edited=&#8220;on|phone&#8220; transform_origin_tablet=&#8220;&#8220; transform_origin_phone=&#8220;&#8220; transform_origin_last_edited=&#8220;on|phone&#8220; transform_styles_last_edited=&#8220;on|tablet&#8220; text_orientation=&#8220;justify&#8220; width=&#8220;120%&#8220; width_tablet=&#8220;100%&#8220; width_phone=&#8220;&#8220; width_last_edited=&#8220;on|phone&#8220; custom_margin=&#8220;|||-117px||&#8220; custom_padding=&#8220;|0px||0px||&#8220; transform_styles_tablet=&#8220;&#8220; transform_styles_phone=&#8220;&#8220; text_text_align=&#8220;justify&#8220;]</p>
<p>Es gibt sie, die besonderen Menschen in dieser Stadt. Ob Hebamme, Chefdirigent oder Europameister im Blindenkegeln, „Mensch Gladbeck“ stellt zwölf interessante Gladbacher in den Mittelpunkt. Das Begleitbuch zur Ausstellung „Mensch Gladbeck“ präsentiert zwölf spannende Lebensgeschichten mit Fotos von Pedro Malinowski.</p>
<p>&nbsp;</p>
<p>[/et_pb_text][/et_pb_column][/et_pb_section]</p>

<p>Mensch Gladbeck Zwölf Gladbecker. Zwölf Leben. Zwölf Portraits. Format: Softcover Umfang: 82 Seiten, mit 13 farbigen Abbildungen Inhalt ISBN: 978-3-935012-10-2 Preis: 12,00 € © PeWe-Verlag 2012Es gibt sie, die besonderen Menschen in dieser Stadt. Ob Hebamme, Chefdirigent oder Europameister im Blindenkegeln, „Mensch Gladbeck“ stellt zwölf interessante Gladbacher in den Mittelpunkt. Das Begleitbuch zur Ausstellung „Mensch Gladbeck“ [&hellip;]</p>
